{"id":919,"date":"2018-08-29T19:38:57","date_gmt":"2018-08-29T22:38:57","guid":{"rendered":"https:\/\/isfd22-bue.infd.edu.ar\/sitio\/ubicacion\/"},"modified":"2019-11-01T11:45:54","modified_gmt":"2019-11-01T14:45:54","slug":"ubicacion","status":"publish","type":"page","link":"https:\/\/isfd22-bue.infd.edu.ar\/sitio\/ubicacion\/","title":{"rendered":"Ubicaci\u00f3n"},"content":{"rendered":"<p style=\"text-align: center;\"><span style=\"font-family: arial black,avant garde; color: #000080; font-size: 12pt;\">Ubicaci\u00f3n\u00a0<\/span><\/p>\n<p><span style=\"font-size: 10pt;\"><span style=\"font-family: Arial; font-size: 10pt;\">El Instituto de Formaci\u00f3n Docente N\u00b0 22\u00a0 \u00abDr. Adolfo Alsina\u00bb, se encuentra ubicado en la esquina de <a href=\"https:\/\/goo.gl\/maps\/TumvHVdUbuPV7TVz5\">Ayacucho y Bol\u00edvar<\/a>, Primer Piso. Olavarr\u00eda. Pcia. de Buenos Aires. CP 7400.<\/span> <span style=\"font-family: Arial; font-size: 10pt;\">Tel\/Fax 02284-422570.<\/span><\/span><\/p>\n<p><img decoding=\"async\" loading=\"lazy\" class=\" wp-image-1192 aligncenter\" src=\"https:\/\/isfd22-bue.infd.edu.ar\/sitio\/wp-content\/uploads\/2019\/11\/edificio.png\" alt=\"\" width=\"307\" height=\"176\" \/><\/p>\n<p>&nbsp;<\/p>\n<p style=\"text-align: center;\"><span style=\"font-family: Arial Black; color: #000080; font-size: 12pt;\">\u00bfC\u00f3mo llegar desde otras ciudades?<\/span><\/p>\n<p style=\"text-align: center;\"><span style=\"font-size: 10pt;\"><span style=\"font-family: Arial Black; color: #000080;\"><img decoding=\"async\" loading=\"lazy\" class=\"\" title=\"Mapa de Olavarr\u00eda\" src=\"https:\/\/isfd22-bue.infd.edu.ar\/sitio\/wp-content\/uploads\/2018\/08\/OLAVARR.jpg\" alt=\"Mapa de Olavarr\u00eda\" width=\"332\" height=\"239\" border=\"0\" \/><\/span><\/span><\/p>\n<table style=\"width: 100%; height: 236px;\" border=\"1\" cellspacing=\"0\" align=\"center\">\n<tbody>\n<tr>\n<td style=\"background-color: #c5f092; border: #050d89 1px solid;\" valign=\"top\"><span style=\"font-size: 10pt;\"><strong><span style=\"color: #000080;\">Desde<\/span><\/strong><\/span><\/td>\n<td style=\"background-color: #c5f092; border: #050d89 1px solid;\" valign=\"top\"><span style=\"font-size: 10pt;\"><strong><span style=\"color: #000080;\">Km<\/span><\/strong><\/span><\/td>\n<td style=\"background-color: #c5f092; border: #050d89 1px solid;\" valign=\"top\"><span style=\"font-size: 10pt;\"><strong><span style=\"color: #000080;\">Rutas<\/span><\/strong><\/span><\/td>\n<td style=\"background-color: #c5f092; border: #050d89 1px solid;\" valign=\"top\"><span style=\"font-size: 10pt;\"><strong><span style=\"color: #000080;\">Ciudades<\/span><\/strong><\/span><\/td>\n<\/tr>\n<tr>\n<td style=\"border: #113787 1px solid;\" valign=\"top\"><span style=\"font-family: arial,helvetica,sans-serif; font-size: 10pt;\">Tandil<\/span><\/td>\n<td style=\"border: #113787 1px solid;\" valign=\"top\"><span style=\"font-family: arial,helvetica,sans-serif; font-size: 10pt;\">143<\/span><\/td>\n<td style=\"border: #113787 1px solid;\" valign=\"top\"><span style=\"font-family: arial,helvetica,sans-serif; font-size: 10pt;\">RN 226<\/span><\/td>\n<td style=\"border: #113787 1px solid;\" valign=\"top\"><span style=\"font-family: arial,helvetica,sans-serif; font-size: 10pt;\">Tandil &#8211; Azul &#8211; Olavarr\u00eda<\/span><\/td>\n<\/tr>\n<tr>\n<td style=\"border: #113787 1px solid;\" valign=\"top\"><span style=\"font-family: arial,helvetica,sans-serif; font-size: 10pt;\">Bol\u00edvar<\/span><\/td>\n<td style=\"border: #113787 1px solid;\" valign=\"top\"><span style=\"font-family: arial,helvetica,sans-serif; font-size: 10pt;\">110<\/span><\/td>\n<td style=\"border: #113787 1px solid;\" valign=\"top\"><span style=\"font-family: arial,helvetica,sans-serif; font-size: 10pt;\">RN 226<\/span><\/td>\n<td style=\"border: #113787 1px solid;\" valign=\"top\"><span style=\"font-family: arial,helvetica,sans-serif; font-size: 10pt;\">S. Carlos de Bolivar &#8211; Olavarr\u00eda<\/span><\/td>\n<\/tr>\n<tr>\n<td style=\"border: #113787 1px solid;\" valign=\"top\"><span style=\"font-family: arial,helvetica,sans-serif; font-size: 10pt;\">Mar del Plata<\/span><\/td>\n<td style=\"border: #113787 1px solid;\" valign=\"top\"><span style=\"font-family: arial,helvetica,sans-serif; font-size: 10pt;\">311<\/span><\/td>\n<td style=\"border: #113787 1px solid;\" valign=\"top\"><span style=\"font-family: arial,helvetica,sans-serif; font-size: 10pt;\">RN 226<\/span><\/td>\n<td style=\"border: #113787 1px solid;\" valign=\"top\"><span style=\"font-family: arial,helvetica,sans-serif; font-size: 10pt;\">Mar del plata &#8211; Balcarce- Tandil &#8211; Azul &#8211; Olavarr\u00eda<\/span><\/td>\n<\/tr>\n<tr>\n<td style=\"border: #113787 1px solid;\" valign=\"top\"><span style=\"font-family: arial,helvetica,sans-serif; font-size: 10pt;\">Daireaux<\/span><\/td>\n<td style=\"border: #113787 1px solid;\" valign=\"top\"><span style=\"font-family: arial,helvetica,sans-serif; font-size: 10pt;\">190<\/span><\/td>\n<td style=\"border: #113787 1px solid;\" valign=\"top\"><span style=\"font-family: arial,helvetica,sans-serif; font-size: 10pt;\">RP 65 RN 226<\/span><\/td>\n<td style=\"border: #113787 1px solid;\" valign=\"top\"><span style=\"font-family: arial,helvetica,sans-serif; font-size: 10pt;\">Daireaux &#8211; Bolivar &#8211; Olavarr\u00eda<\/span><\/td>\n<\/tr>\n<tr>\n<td style=\"border: #113787 1px solid;\" valign=\"top\"><span style=\"font-family: arial,helvetica,sans-serif; font-size: 10pt;\">Laprida<\/span><\/td>\n<td style=\"border: #113787 1px solid;\" valign=\"top\"><span style=\"font-family: arial,helvetica,sans-serif; font-size: 10pt;\">110<\/span><\/td>\n<td style=\"border: #113787 1px solid;\" valign=\"top\"><span style=\"font-family: arial,helvetica,sans-serif; font-size: 10pt;\">RP 86 RP 51<\/span><\/td>\n<td style=\"border: #113787 1px solid;\" valign=\"top\"><span style=\"font-family: arial,helvetica,sans-serif; font-size: 10pt;\">Laprida &#8211; Olavarr\u00eda<\/span><\/td>\n<\/tr>\n<tr>\n<td style=\"border: #113787 1px solid;\" valign=\"top\"><span style=\"font-family: arial,helvetica,sans-serif; font-size: 10pt;\">Tapalqu\u00e9<\/span><\/td>\n<td style=\"border: #113787 1px solid;\" valign=\"top\"><span style=\"font-family: arial,helvetica,sans-serif; font-size: 10pt;\">95<\/span><\/td>\n<td style=\"border: #113787 1px solid;\" valign=\"top\"><span style=\"font-family: arial,helvetica,sans-serif; font-size: 10pt;\">RP 51 RN 226<\/span><\/td>\n<td style=\"border: #113787 1px solid;\" valign=\"top\"><span style=\"font-family: arial,helvetica,sans-serif; font-size: 10pt;\">Tapalqu\u00e9 &#8211; Azul &#8211; Olavarr\u00eda<\/span><\/td>\n<\/tr>\n<tr>\n<td style=\"border: #113787 1px solid;\" valign=\"top\"><span style=\"font-family: arial,helvetica,sans-serif; font-size: 10pt;\">Azul<\/span><\/td>\n<td style=\"border: #113787 1px solid;\" valign=\"top\"><span style=\"font-family: arial,helvetica,sans-serif; font-size: 10pt;\">53<\/span><\/td>\n<td style=\"border: #113787 1px solid;\" valign=\"top\"><span style=\"font-family: arial,helvetica,sans-serif; font-size: 10pt;\">RN 226<\/span><\/td>\n<td style=\"border: #113787 1px solid;\" valign=\"top\"><span style=\"font-family: arial,helvetica,sans-serif; font-size: 10pt;\">Azul &#8211; Olavarr\u00eda<\/span><\/td>\n<\/tr>\n<tr>\n<td style=\"border: #113787 1px solid;\" valign=\"top\"><span style=\"font-family: arial,helvetica,sans-serif; font-size: 10pt;\">Buenos Aires<\/span><\/td>\n<td style=\"border: #113787 1px solid;\" valign=\"top\"><span style=\"font-family: arial,helvetica,sans-serif; font-size: 10pt;\">378<\/span><\/td>\n<td style=\"border: #113787 1px solid;\" valign=\"top\"><span style=\"font-family: arial,helvetica,sans-serif; font-size: 10pt;\">Autopista Ricchieri RN 205 RN 3 <\/span><br \/>\n<span style=\"font-family: arial,helvetica,sans-serif; font-size: 10pt;\">RN 226<\/span><\/td>\n<td style=\"border: #113787 1px solid;\" valign=\"top\"><span style=\"font-family: arial,helvetica,sans-serif; font-size: 10pt;\">Bs. As. &#8211; Ezeiza &#8211; Ca\u00f1uelas &#8211; S. Miguel del Monte &#8211; Las Flores &#8211; Azul &#8211; Olavarr\u00eda<\/span><\/td>\n<\/tr>\n<tr>\n<td style=\"border: #113787 1px solid;\" valign=\"top\"><span style=\"font-family: arial,helvetica,sans-serif; font-size: 10pt;\">Gral Lamadrid<\/span><\/td>\n<td style=\"border: #113787 1px solid;\" valign=\"top\"><span style=\"font-family: arial,helvetica,sans-serif; font-size: 10pt;\">115<\/span><\/td>\n<td style=\"border: #113787 1px solid;\" valign=\"top\"><span style=\"font-family: arial,helvetica,sans-serif; font-size: 10pt;\">RP 86 RP 51<\/span><\/td>\n<td style=\"border: #113787 1px solid;\" valign=\"top\"><span style=\"font-family: arial,helvetica,sans-serif; font-size: 10pt;\">Gral. La Madrid &#8211; Olavarr\u00eda<\/span><\/td>\n<\/tr>\n<\/tbody>\n<\/table>\n","protected":false},"excerpt":{"rendered":"<p>Ubicaci\u00f3n\u00a0 El Instituto de Formaci\u00f3n Docente N\u00b0 22\u00a0 \u00abDr. Adolfo Alsina\u00bb, se encuentra ubicado en la esquina de Ayacucho y Bol\u00edvar, Primer Piso. Olavarr\u00eda. Pcia. de Buenos Aires. CP 7400. Tel\/Fax 02284-422570. &nbsp; \u00bfC\u00f3mo llegar desde otras ciudades? Desde Km Rutas Ciudades Tandil 143 RN 226 Tandil &#8211; Azul &#8211; Olavarr\u00eda Bol\u00edvar 110 RN 226 &#8230; <a title=\"Ubicaci\u00f3n\" class=\"read-more\" href=\"https:\/\/isfd22-bue.infd.edu.ar\/sitio\/ubicacion\/\" aria-label=\"More on Ubicaci\u00f3n\">[+]<\/a><\/p>\n","protected":false},"author":10,"featured_media":0,"parent":0,"menu_order":0,"comment_status":"closed","ping_status":"closed","template":"","meta":[],"acf":[],"_links":{"self":[{"href":"https:\/\/isfd22-bue.infd.edu.ar\/sitio\/wp-json\/wp\/v2\/pages\/919"}],"collection":[{"href":"https:\/\/isfd22-bue.infd.edu.ar\/sitio\/wp-json\/wp\/v2\/pages"}],"about":[{"href":"https:\/\/isfd22-bue.infd.edu.ar\/sitio\/wp-json\/wp\/v2\/types\/page"}],"author":[{"embeddable":true,"href":"https:\/\/isfd22-bue.infd.edu.ar\/sitio\/wp-json\/wp\/v2\/users\/10"}],"replies":[{"embeddable":true,"href":"https:\/\/isfd22-bue.infd.edu.ar\/sitio\/wp-json\/wp\/v2\/comments?post=919"}],"version-history":[{"count":5,"href":"https:\/\/isfd22-bue.infd.edu.ar\/sitio\/wp-json\/wp\/v2\/pages\/919\/revisions"}],"predecessor-version":[{"id":1193,"href":"https:\/\/isfd22-bue.infd.edu.ar\/sitio\/wp-json\/wp\/v2\/pages\/919\/revisions\/1193"}],"wp:attachment":[{"href":"https:\/\/isfd22-bue.infd.edu.ar\/sitio\/wp-json\/wp\/v2\/media?parent=919"}],"curies":[{"name":"wp","href":"https:\/\/api.w.org\/{rel}","templated":true}]}}