{"id":1499,"date":"2021-10-29T15:04:01","date_gmt":"2021-10-29T18:04:01","guid":{"rendered":"https:\/\/isfd22-bue.infd.edu.ar\/sitio\/?page_id=1499"},"modified":"2025-11-26T20:30:54","modified_gmt":"2025-11-26T23:30:54","slug":"inscripciones-ingles-2022","status":"publish","type":"page","link":"https:\/\/isfd22-bue.infd.edu.ar\/sitio\/inscripciones-ingles-2022\/","title":{"rendered":"INSCRIPCI\u00d3N INGL\u00c9S 2026"},"content":{"rendered":"\n<p id=\"block-637e853a-c701-4af1-9140-53b0b1d0f5d1\"><strong>Fechas<\/strong><\/p>\n\n\n\n<p><\/p>\n\n\n\n<p id=\"block-bfed2dd0-f26e-4a41-b448-4cafa9145dd4\"><strong> EX\u00c1MEN ESCRITO<\/strong>:<strong> Martes 2\/12\/25 18:30hs. (modalidad presencial)<\/strong><\/p>\n\n\n\n<p id=\"block-6d809416-92b6-47f1-ba01-c2b8a1c47a4b\"><strong> EX\u00c1MEN ORAL<\/strong>: <strong>Mi\u00e9rcoles  03\/12\/25 18:30hs.(modalidad presencial)<\/strong><\/p>\n\n\n\n<p><strong>Fechas de Febrero<\/strong>:<\/p>\n\n\n\n<p>EX\u00c1MEN ESCRITO: mi\u00e9rcoles 18, 18:30h<\/p>\n\n\n\n<p>EX\u00c1MEN ORAL:  jueves 19, 18:30h<\/p>\n\n\n\n<p id=\"block-6d809416-92b6-47f1-ba01-c2b8a1c47a4b\"><\/p>\n\n\n\n<p><strong>El o la aspirante deber\u00e1 elegir entre uno de los dos llamados a examen (diciembre o febrero), ya que, el mismo es obligatorio<\/strong><\/p>\n\n\n\n<p>El examen escrito consistir\u00e1 en leer un texto y completar actividades de comprensi\u00f3n, realizar ejercicios de uso de gram\u00e1tica y vocabulario correspondientes al nivel pre-intermedio y escribir acerca de temas relacionados con su entorno.<\/p>\n\n\n\n<p>Durante el examen oral, los aspirantes deber\u00e1n ser capaces de contar la historia corta seleccionada \u00abThe Canterville Ghost\u00bb, responder preguntas sobre temas m\u00e1s generales e interactuar con otro\/a compa\u00f1ero\/a a modo de conversaci\u00f3n.   <\/p>\n\n\n\n<p> <a href=\"https:\/\/docs.google.com\/forms\/d\/e\/1FAIpQLSd0FPrY4D65QMis0qtwtW9pIwcBo9qEjeNFmaE6tCOgFUyUyw\/viewform\" data-type=\"URL\" data-id=\"https:\/\/docs.google.com\/forms\/d\/e\/1FAIpQLSd0FPrY4D65QMis0qtwtW9pIwcBo9qEjeNFmaE6tCOgFUyUyw\/viewform\" target=\"_blank\" rel=\"noreferrer noopener\">Formulario de inscripci\u00f3n<\/a><\/p>\n\n\n\n<p><strong>En el siguiente enlace se encuentran los materiales de estudio: <\/strong><\/p>\n\n\n\n<p><a href=\"https:\/\/drive.google.com\/drive\/folders\/11BfafrCqm5WTi-YQ2OXHzoIpeY8RhlQh?usp=sharing\">https:\/\/drive.google.com\/drive\/folders\/11BfafrCqm5WTi-YQ2OXHzoIpeY8RhlQh?usp=sharing<\/a><\/p>\n","protected":false},"excerpt":{"rendered":"<p>Fechas EX\u00c1MEN ESCRITO: Martes 2\/12\/25 18:30hs. (modalidad presencial) EX\u00c1MEN ORAL: Mi\u00e9rcoles 03\/12\/25 18:30hs.(modalidad presencial) Fechas de Febrero: EX\u00c1MEN ESCRITO: mi\u00e9rcoles 18, 18:30h EX\u00c1MEN ORAL: jueves 19, 18:30h El o la aspirante deber\u00e1 elegir entre uno de los dos llamados a examen (diciembre o febrero), ya que, el mismo es obligatorio El examen escrito consistir\u00e1 en &#8230; <a title=\"INSCRIPCI\u00d3N INGL\u00c9S 2026\" class=\"read-more\" href=\"https:\/\/isfd22-bue.infd.edu.ar\/sitio\/inscripciones-ingles-2022\/\" aria-label=\"More on INSCRIPCI\u00d3N INGL\u00c9S 2026\">[+]<\/a><\/p>\n","protected":false},"author":689,"featured_media":0,"parent":0,"menu_order":0,"comment_status":"closed","ping_status":"closed","template":"","meta":[],"acf":[],"_links":{"self":[{"href":"https:\/\/isfd22-bue.infd.edu.ar\/sitio\/wp-json\/wp\/v2\/pages\/1499"}],"collection":[{"href":"https:\/\/isfd22-bue.infd.edu.ar\/sitio\/wp-json\/wp\/v2\/pages"}],"about":[{"href":"https:\/\/isfd22-bue.infd.edu.ar\/sitio\/wp-json\/wp\/v2\/types\/page"}],"author":[{"embeddable":true,"href":"https:\/\/isfd22-bue.infd.edu.ar\/sitio\/wp-json\/wp\/v2\/users\/689"}],"replies":[{"embeddable":true,"href":"https:\/\/isfd22-bue.infd.edu.ar\/sitio\/wp-json\/wp\/v2\/comments?post=1499"}],"version-history":[{"count":32,"href":"https:\/\/isfd22-bue.infd.edu.ar\/sitio\/wp-json\/wp\/v2\/pages\/1499\/revisions"}],"predecessor-version":[{"id":1762,"href":"https:\/\/isfd22-bue.infd.edu.ar\/sitio\/wp-json\/wp\/v2\/pages\/1499\/revisions\/1762"}],"wp:attachment":[{"href":"https:\/\/isfd22-bue.infd.edu.ar\/sitio\/wp-json\/wp\/v2\/media?parent=1499"}],"curies":[{"name":"wp","href":"https:\/\/api.w.org\/{rel}","templated":true}]}}